 derivative of 0*h**3 - 1/12*h**4 + 5*h**2 + 0*h + 0. Calculate m(s).
-4
Suppose 5*z + 2 - 27 = 0. Let i(c) = 3 - 5*c**3 + 4*c**3 + 6*c**2 - 4 - 6*c. Give i(z).
-6
Let i(c) = -c - 1. Let h = 41 + -47. What is i(h)?
5
Let q(y) = -4*y - 9. Let m be 12*(-4 - 35/(-10)). Calculate q(m).
15
Let s(x) = -3*x**2 - 11*x. Let o be s(-3). Let i(n) be the third derivative of -n**4/24 - n**3/2 - n**2. What is i(o)?
-9
Let r(f) = f**2 - 7*f. Let n be r(7). Let a(h) = n*h - h**2 - 4*h + h**3 - 2*h**3 + 3*h - 5. What is a(0)?
-5
Suppose 2*i - i + 2*f = -6, -14 = i + 4*f. Suppose -5*b + 3*y = -0*y - 13, 5*b + 5*y - 5 = 0. Let a(w) = -w**2 + 0*w + b*w - w + 1 - i. Calculate a(0).
-1
Let b(k) = -5*k - 30*k**2 + 31*k**2 + 1 + 1. Give b(4).
-2
Let r(t) be the second derivative of -t**4/12 - 7*t**3/6 - t**2 + 18*t. Determine r(-6).
4
Suppose -3*q = 5*s - 24 + 4, 4*s + 3*q - 19 = 0. Let c be s/((12/(-8))/(-3)). Let v(a) = a**2 - 4*a + 3. What is v(c)?
-1
Let m(l) = l**3 + 79 - 43 - 39 - 4*l + 2*l**2. Suppose 2*u + u + 6 = 0. Calculate m(u).
5
Let g(d) = d**2 - 7*d + 1. Let y be (-380)/(-70) + (-6)/14. Give g(y).
-9
Let f(c) = 0 - 10*c**2 - 11*c**2 + 1 - 3*c + 22*c**2. Suppose 2 = 3*i - 4. Calculate f(i).
-1
Let j(i) = -5*i - 4 - i + 12*i - 7*i. Let z be ((-12)/(-9))/((-2)/6). Determine j(z).
0
Let d(f) be the second derivative of f**3/3 - f**2 + 10*f. Suppose 3*l - 8 - 4 = 0. Give d(l).
6
Let p = 20 + -14. Suppose -h - 2*w + 11 = -p*w, -2*h - w = 5. Let s(l) be the first derivative of 11*l**4/4 - l + 72. Give s(h).
-12
Let p = 0 - -2. Let j = p - 2. Let o(v) = v - 8 + j*v - 2*v. Determine o(-4).
-4
Let i(a) = -7*a**2 - a + 6. Let q(g) = -8*g**2 - g + 7. Let f(l) = -6*i(l) + 5*q(l). Determine f(2).
9
Let w(j) = -j**2 + 6*j + 4. Let p(o) = 3*o**2 - 17*o - 11. Let k(y) = 3*p(y) + 8*w(y). Determine k(4).
3
Let w be 27/5 - 2/5. Let g(l) = -7*l**3 - 2*l**2 - 5*l + 6. Let o(k) = -6*k**3 - 2*k**2 - 4*k + 5. Let a(b) = w*g(b) - 6*o(b). Determine a(-3).
-6
Let h(o) be the third derivative of -o**6/120 + o**4/24 - 19*o**3/6 + 14*o**2. What is h(0)?
-19
Let f(z) = -2*z**2 + 2*z. Suppose 0 = -j - 3*i + 27, -j + 3*i - 63 = -5*j. Let w = 14 - j. Calculate f(w).
-4
Let f(m) = -m. Suppose -3*i + 79 = -4*c + 2*c, -4*c = 4*i - 92. Suppose 4*r + i = 1. Determine f(r).
6
Let w(r) = 3 + 3*r - 9 - r + 1. Calculate w(-6).
-17
Let w(q) = 0*q**3 - 3*q - q**2 + 4*q**2 + q**3 + 2*q - 4. Calculate w(-3).
-1
Let l(q) be the third derivative of 13*q**6/120 - q**5/60 - q**4/12 - q**3/6 - 30*q**2. Determine l(-1).
-13
Let l(h) be the second derivative of 5*h**4/6 - h**3/6 + 6*h. Let f(v) = -v**3 - 6*v**2 + 1. Let p be f(-6). What is l(p)?
9
Let h(x) = -x - 2. Let l(y) = y**3 + 3*y**2 - 4*y - 7. Let s be l(-3). What is h(s)?
-7
Let o(x) = 3*x**3 + 2*x**2 + 3*x + 4. Let n(j) = 4*j**3 + 2*j**2 + 3*j + 4. Let d(k) = 4*n(k) - 5*o(k). What is d(3)?
-4
Suppose b - 1 - 1 = 0. Let l be (-1)/2*-10 + 1. Let x(r) = -l*r**2 - b*r + 3*r - 2*r**2. What is x(1)?
-7
Let g(k) = -4*k - 5. Let d(r) = -4*r - r + r - 7 + 3. Let p(t) = 4*d(t) - 3*g(t). Suppose 5 = -2*j - 3*j. Give p(j).
3
Let b(a) = a + 3*a - 5*a - 2*a**3 + 3*a**3 + 5*a**2. Let u = 3 - 8. Give b(u).
5
Suppose 4*j + 3 - 23 = 0. Suppose 2*r = -5*w + 9, -j*r - 3 = -r + 3*w. Let z(s) = s**2 + 5*s. What is z(r)?
-6
Let n(u) = -u + 10. Let j be n(7). Let x(t) = j*t - 5 + 3 - 1. Suppose 2*m - 6 = 0, -4*b = 3*m - 0 - 17. Calculate x(b).
3
Let z(y) = -3*y**3 + 2*y**2 - 5*y + 4. Let k be 12/(-36)*9*-1. Let f(b) = 4*b**3 - b**2 + 5*b - 4. Let x(s) = k*z(s) + 2*f(s). Calculate x(3).
-2
Let g(i) = -4*i**2 - 3*i - 6. Let b(u) = 5*u**2 + 3*u + 6. Let h be (10/3)/((-6)/9). Let w = h + 2. Let s(j) = w*b(j) - 4*g(j). What is s(-4)?
10
Let q = -11 - -11. Let o(y) be the second derivative of 3*y + 9/2*y**2 + q - 1/6*y**3. Give o(5).
4
Let y(k) be the third derivative of -k**7/840 + k**6/60 - k**5/60 + 5*k**4/24 - k**3/3 - 2*k**2. Let b(v) be the first derivative of y(v). Give b(6).
-7
Let t(x) = 5*x**2 - 5*x - 5. Let b be t(-1). Let v(d) be the first derivative of 1/4*d**4 - b - d**3 + d - 2*d**2. What is v(4)?
1
Let j(x) = 1. Let l(g) = -g - 3. Let p(t) = 2*j(t) + l(t). Let a be 6/(-2)*2/(-3). Give p(a).
-3
Let q(w) = -w**3 - 4*w**2 + 5*w + 5. Suppose -2*k = 5*l - 61, -19 = -3*l + 3*k + 5. Let r = -31 - l. Let t be r/8 - 6/(-24). What is q(t)?
5
Let p(m) = -8*m + 4*m + 3 + 2*m. Give p(6).
-9
Let n = 9 + -5. Let q(o) = -3*o + 7 - 2*o + 4*o**3 - o**2 - 3*o**3 + n*o. Determine q(0).
7
Suppose 2 + 1 = -3*f. Let z(y) = 3*y**2 - 3*y + 5. Let d(x) = -6*x**2 + 7*x - 11. Let v(i) = -4*d(i) - 9*z(i). What is v(f)?
-3
Let p(i) be the second derivative of i**3/2 - i. Let z be 4/(-22) + 140/44. Let w = 1 - z. Give p(w).
-6
Let q(f) = -1. Let u(h) = 3. Let s(a) = -5*q(a) - 2*u(a). Let p(i) = 4*i**2 - 2*i - 2. Let b(j) = p(j) - s(j). Calculate b(-1).
5
Let j(s) = -4*s**2 + 2*s**2 + 0*s**2 + 2 + 2*s. Let g(u) = -3*u**2 + 4*u + 3. Let f(w) = -3*g(w) + 5*j(w). What is f(-4)?
-7
Let w(y) be the second derivative of y**8/2240 + y**7/2520 - y**5/120 + y**4/12 - 3*y. Let i(a) be the third derivative of w(a). Determine i(-1).
-3
Let c(y) be the first derivative of 1/2*y**2 - 1/3*y**3 - 2*y + 5 - 1/4*y**4. Calculate c(-2).
0
Let i(w) = 5*w**2 + w. Let t be i(1). Let p(l) = -2*l + 4*l**2 - 5*l**2 + 5*l**2 + t - l**3. Let q(d) = d**3 - 4*d**2 + d. Let z be q(4). What is p(z)?
-2
Suppose 11*s = 16*s. Let j(r) = -r + 2. Calculate j(s).
2
Let o = 0 + -5. Suppose y - 4 + 3 = 2*u, u = 4*y - 18. Let s(r) = 7*r + 3 + r**u + r - 3*r. Determine s(o).
3
Let x = -2 + -3. Let n(l) be the first derivative of 1/2*l**2 + 7*l + 2. What is n(x)?
2
Let x(z) be the second derivative of 0 - 1/6*z**3 + 7/12*z**4 - 3*z + 0*z**2. What is x(1)?
6
Let n(s) = -s**2 + 8*s - 6. Let a be n(6). Let c(v) = v**3 - v**2. Let y(m) = -3*m**3 - 3*m**2 + 6*m + 5. Let z(l) = -4*c(l) - y(l). Give z(a).
-5
Let r(i) = i - 5. Let z(p) = p**2 - 4*p + 7. Let u be z(3). Determine r(u).
-1
Let s be (-2)/1 + (-3)/(-1). Let w be (6/3)/((-1)/s). Let h(r) = -15*r**2 + 7*r + 9. Let m(v) = 8*v**2 - 4*v - 5. Let y(z) = 6*h(z) + 11*m(z). What is y(w)?
-5
Let g(y) = 2*y + 3 - 3 + 1. Determine g(-3).
-5
Let n(v) = v**2 + 3*v - 4. Let t(a) be the second derivative of a**3/6 - 3*a. Let s = -11 + 7. Let m be t(s). What is n(m)?
0
Let d(v) be the first derivative of -v**4/6 + v**3/3 + 3*v**2/2 - 3*v - 2. Let s(z) be the first derivative of d(z). Calculate s(-2).
-9
Suppose -10 = 2*u + 5*m, -m + 4 = -2*u - 3*m. Let n(f) = f - 7. Calculate n(u).
-7
Let o(i) = -6 + 12 - 7 + 3*i**2 - i**3 + 3*i. Determine o(4).
-5
Let n(o) = -6*o**2 - o**3 + 11*o**2 - 9 + 3*o + 2. Let k = -3 + 2. Let i be 3/(-9)*(k + -14). Calculate n(i).
8
Let d be (0 - -3)/((-12)/(-88)). Suppose 4*q - 3*q + d = 0. Let j be 84/(-22) + 4/q. Let v(c) = -2*c - 2. Give v(j).
6
Let p(w) = 3*w + 20. Let z(v) = v + 7. Let y(t) = 3*p(t) - 8*z(t). Determine y(-3).
1
Let g(t) = 4*t**2 - t - 1. Let j(q) = -q**2 - q. Let u(z) = g(z) + j(z). What is u(-1)?
4
Let n = -5 + 11. Let h(r) be the second derivative of -r**4/12 + 7*r**3/6 - 4*r**2 + r. What is h(n)?
-2
Let u be (3/(-8))/(115/40 - 3). Let y(w) be the second derivative of 2*w + 0 + 1/2*w**2 + 1/2*w**u. Give y(-1).
-2
Let n(d) = -d + 4. Suppose 4*w - 5*o = 44, 3*w + o - 9 - 5 = 0. Determine n(w).
-2
Suppose -3*q + 4*q = 3. Suppose -5*z = -4*g + 6*g - 8, q*g - 4*z = 12. Suppose d - 9 = 5*u + 9, 8 = -g*d. Let r(i) = i + 2. Give r(u).
-2
Let a(b) = b**3 - 3*b**2 + 2*b - 3. Suppose -5*q + q = -12. Determine a(q).
3
Let b(o) = o**2 - 8*o + 5. Suppose p - s = -3*p + 48, 2*s + 5 = p. Suppose -27 = -5*x - 3*f, f + p = 2*x - 0*f. What is b(x)?
-7
Let o(q) = -q**2 + 4*q - 6. Let d(a) = a**2 - 2*a - 1. Let f be d(4). Suppose -u = 3*r - 11, 0*u = -2*r - u + f. Give o(r).
-6
Suppose 4*i = 3*m + 2, -4*m + 7 - 3 = -4*i. Let a(k) be the first derivative of k**3/3 - 7*k**2/2 + 9*k + 2. Determine a(m).
3
Let v = 13 + -4. Let x(k) = 10*k - k**3 - 10*k + 8*k**2 + 10*k - 10. Let f be x(v). Let s(u) = -5*u**2 - u - 1. Determine s(f).
-5
Let o(g) be the first derivative of -g**4/4 + g**3/3 - g + 14. Calculate o(1).
-1
Let k(s) = -2*s**2 + 4. Let b(n) = -n**2 + 2. Let p(h) = -5*b(h) + 2*k(h). Calculate p(-2).
2
Let x(q) be the third derivative of -q**5/60 + q**4/8 + q**